
False
Is 10214801 prime?
False
Is 47897651 composite?
True
Is 5573867 a composite number?
True
Is 4551083 a composite number?
True
Is 3056843 prime?
True
Is 13111957 a prime number?
False
Is 7769591 a composite number?
True
Is 1087682249 a prime number?
True
Is 1156423 a composite number?
False
Is 459333377 a prime number?
True
Is 179877403 prime?
True
Is 655113 a prime number?
False
Is 111018199 a composite number?
True
Is 453446537 a prime number?
False
Is 6483167 prime?
False
Is 30908909 a prime number?
False
Is 29990647 composite?
False
Is 246143 composite?
True
Is 59695793 a composite number?
False
Is 103156873 a composite number?
False
Is 21744967 composite?
False
Is 15616207 a prime number?
False
Is 523839187 a prime number?
True
Is 11619301 a prime number?
False
Is 12521731 a composite number?
False
Is 74339659 a prime number?
True
Is 7867 composite?
False
Is 2328709 composite?
True
Is 1187059 composite?
True
Is 7872583 composite?
False
Is 7394867 prime?
True
Is 18975619 prime?
False
Is 468371899 prime?
True
Is 204352297 a composite number?
True
Is 34108981 a prime number?
False
Is 62838439 a prime number?
False
Is 402148013 composite?
True
Is 27539711 a prime number?
False
Is 611155 prime?
False
Is 25911043 a composite number?
True
Is 790379 composite?
False
Is 10633283 a prime number?
True
Is 244043 a composite number?
False
Is 21429633 prime?
False
Is 12151023 composite?
True
Is 14183137 composite?
False
Is 16828469 a composite number?
True
Is 82304347 a prime number?
False
Is 39566761 a composite number?
True
Is 278588677 prime?
False
Is 2193001 a prime number?
False
Is 12604993 composite?
True
Is 4862671 composite?
True
Is 443363 a prime number?
True
Is 2305595 a prime number?
False
Is 253079 a prime number?
False
Is 29331329 a composite number?
False
Is 1488743 a composite number?
True
Is 159785 a composite number?
True
Is 436147 prime?
True
Is 51633353 a prime number?
True
Is 639959 a composite number?
False
Is 761347 composite?
False
Is 7278937 a prime number?
False
Is 1373667 a composite number?
True
Is 2509207 prime?
True
Is 102627989 a composite number?
False
Is 25738439 prime?
True
Is 4726637 composite?
True
Is 3611347 composite?
False
Is 188253201 composite?
True
Is 37540289 a prime number?
False
Is 5314397 a composite number?
True
Is 1101589 prime?
False
Is 10347217 composite?
True
Is 18336629 prime?
True
Is 623141 composite?
True
Is 122576017 a composite number?
False
Is 49194203 a composite number?
True
Is 841228343 composite?
False
Is 818666963 a composite number?
False
Is 2466933995 a prime number?
False
Is 600519859 a composite number?
False
Is 44676953 a composite number?
False
Is 24293341 composite?
False
Is 4482739 prime?
True
Is 523348018 a prime number?
False
Is 2140211 prime?
False
Is 15955 a composite number?
True
Is 1782227 a prime number?
False
Is 12771113 a prime number?
False
Is 19012355 a composite number?
True
Is 75943523 composite?
True
Is 7044059 composite?
True
Is 218047 a composite number?
False
Is 578021083 composite?
False
Is 19469197 a composite number?
True
Is 32121703 a prime number?
False
Is 12403541 composite?
False
Is 89917 prime?
True
Is 1464053 composite?
True
Is 334127 prime?
True
Is 387991603 a prime number?
False
Is 24272987 a composite number?
True
Is 45268789 prime?
True
Is 10209931 composite?
False
Is 361179619 a prime number?
False
Is 908477 composite?
True
Is 38731991 a prime number?
False
Is 17554127 composite?
False
Is 904558939 prime?
False
Is 213871 a prime number?
False
Is 2096299 a composite number?
True
Is 24003535 a composite number?
True
Is 3705739 composite?
False
Is 6724981 composite?
False
Is 3764053 prime?
True
Is 14443069 a composite number?
False
Is 928987 a prime number?
False
Is 71500943 a prime number?
False
Is 7046191 a prime number?
False
Is 389458841 composite?
True
Is 13485163 prime?
False
Is 159488761 a prime number?
True
Is 1015277 prime?
True
Is 165060883 a prime number?
False
Is 89119847 a prime number?
True
Is 126564623 a composite number?
True
Is 143093 a prime number?
True
Is 1373623 composite?
True
Is 395989627 a prime number?
False
Is 4058069 a composite number?
True
Is 1173451 a composite number?
True
Is 146210287 prime?
False
Is 467377 prime?
False
Is 6705449 a composite number?
False
Is 253049 composite?
False
Is 35680397 prime?
True
Is 41221781 a composite number?
False
Is 2738363 a prime number?
False
Is 226543469 a composite number?
True
Is 59066509 prime?
False
Is 75095689 a prime number?
True
Is 130485793 composite?
True
Is 82911563 composite?
True
Is 7252198 prime?
False
Is 69907751 prime?
True
Is 5727199 a prime number?
True
Is 4282693 a composite number?
False
Is 109286117 prime?
False
Is 60317363 prime?
False
Is 43246447 a prime number?
True
Is 1730429 composite?
False
Is 93160831 a composite number?
False
Is 95167 a prime number?
False
Is 428357 prime?
False
Is 88936927 a composite number?
True
Is 40376909 a prime number?
True
Is 43462411 a composite number?
False
Is 12549871 prime?
True
Is 100775347 a prime number?
True
Is 301281217 a prime number?
True
Is 7888801 composite?
False
Is 7096447 composite?
False
Is 59991391 prime?
True
Is 17201153 prime?
True
Is 53057591 a prime number?
True
Is 427426 a composite number?
True
Is 63036217 a composite number?
True
Is 201527 a prime number?
False
Is 153173677 prime?
True
Is 20625223 a prime number?
False
Is 3902347 prime?
True
Is 51451111 a composite number?
False
Is 163043 a composite number?
True
Is 4996237 a composite number?
True
Is 75395927 composite?
False
Is 102169513 a prime number?
False
Is 214361641 a composite number?
True
Is 49888165 a composite number?
True
Is 4744627 a prime number?
False
Is 19432111 prime?
True
Is 16178397 composite?
True
Is 8321657 a prime number?
True
Is 5196427 a prime number?
True
Is 60631741 a prime number?
False
Is 21900005 prime?
False
Is 239979583 prime?
True
Is 15342517 a composite number?
True
Is 3747307 a composite number?
False
Is 10488403 prime?
True
Is 1398841 prime?
True
Is 151016317 a prime number?
True
Is 96738521 composite?
True
Is 9555995 composite?
True
Is 1499158817 a prime number?
False
Is 1053231 a composite number?
True
Is 31901147 a prime number?
False
Is 47763379 a prime number?
True
Is 447961 prime?
True
Is 481623 a prime number?
False
Is 192715609 prime?
True
Is 10764929 a composite number?
True
Is 79910309 a composite number?
False
Is 881057 a composite number?
False
Is 828649 prime?
True
Is 399808169 a prime number?
False
Is 56266762 composite?
True
Is 25928767 composite?
False
Is 159931 a composite number?
False
Is 11297081 composite?
False
Is 94163491 a composite number?
False
Is 19231837 composite?
False
Is 5475881 a composite number?
False
Is 166873249 a prime number?
True
Is 156675037 a prime number?
True
Is 47862307 a composite number?
True
Is 19199669 composite?
False
Is 2534593 a prime number?
True
Is 2163307 a prime number?
True
Is 164225339 a composite number?
False
Is 41768983 a composite number?
True
Is 865537 a composite number?
False
Is 14904787 a prime number?
False
Is 5293301 a prime number?
False
Is 169028759 a composite number?
False
Is 943121 prime?
False
Is 227805283 composite?
False
Is 35806191 a prime number?
False
Is 72168041 a prime number?
False
Is 554317 a prime number?
True
Is 9633691 a prime number?
True
Is 2332633 prime?
False
Is 4108173 a prime number?
False
Is 270066857 composite?
False
Is 37567757 composite?
False
Is 925339 a composite number?
False
Is 43895266 a composite number?
True
Is 3877969 a prime number?
False
Is 439289 prime?
True
Is 29154089 prime?
True
Is 26557 prime?
True
Is 140667617 prime?
True
Is 4757345 composite?
True
Is 29728433 composite?
True
Is 2840701 a prime number?
False
Is 25210574 a prime number?
False
Is 758073677 a prime number?
True
Is 23056765 a composite number?
True
Is 9997087 a composite number?
False
Is 13082603 a prime number?
True
Is 7413127 prime?
True
Is 33976051 a prime number?
True
Is 22272749 a composite number?
False
Is 345413959 prime?
False
Is 924697 a composite number?
False
Is 16880999 a prime number?
False
Is 426651 composite?
True
Is 75575377 a composite number?
False
Is 112577573 a composite number?
True
Is 42410449 composite?
True
Is 84012289 compo